[INFO] cloning repository https://github.com/darthdeus/rust-kuratko
[INFO] running `Command { std: "git" "-c" "credential.helper=" "-c" "credential.helper=/workspace/cargo-home/bin/git-credential-null" "clone" "--bare" "https://github.com/darthdeus/rust-kuratko" "/workspace/cache/git-repos/https%3A%2F%2Fgithub.com%2Fdarthdeus%2Frust-kuratko", kill_on_drop: false }`
[INFO] [stderr] Cloning into bare repository '/workspace/cache/git-repos/https%3A%2F%2Fgithub.com%2Fdarthdeus%2Frust-kuratko'...
[INFO] running `Command { std: "git" "rev-parse" "HEAD", kill_on_drop: false }`
[INFO] [stdout] d2d51bd8154457c943a7f1e1baabf1197b1e9ffe
[INFO] checking darthdeus/rust-kuratko against master#af3c6e733a40e671550e0f0f5aeecaa13772ba56 for pr-74989
[INFO] running `Command { std: "git" "clone" "/workspace/cache/git-repos/https%3A%2F%2Fgithub.com%2Fdarthdeus%2Frust-kuratko" "/workspace/builds/worker-3/source", kill_on_drop: false }`
[INFO] [stderr] Cloning into '/workspace/builds/worker-3/source'...
[INFO] [stderr] done.
[INFO] validating manifest of git repo https://github.com/darthdeus/rust-kuratko on toolchain af3c6e733a40e671550e0f0f5aeecaa13772ba56
[INFO] running `Command { std: "/workspace/cargo-home/bin/cargo" "+af3c6e733a40e671550e0f0f5aeecaa13772ba56" "read-manifest" "--manifest-path" "Cargo.toml", kill_on_drop: false }`
[INFO] started tweaking git repo https://github.com/darthdeus/rust-kuratko
[INFO] finished tweaking git repo https://github.com/darthdeus/rust-kuratko
[INFO] tweaked toml for git repo https://github.com/darthdeus/rust-kuratko written to /workspace/builds/worker-3/source/Cargo.toml
[INFO] crate git repo https://github.com/darthdeus/rust-kuratko already has a lockfile, it will not be regenerated
[INFO] running `Command { std: "/workspace/cargo-home/bin/cargo" "+af3c6e733a40e671550e0f0f5aeecaa13772ba56" "fetch" "--locked" "--manifest-path" "Cargo.toml", kill_on_drop: false }`
[INFO] [stderr] error: the lock file /workspace/builds/worker-3/source/Cargo.lock needs to be updated but --locked was passed to prevent this
[INFO] [stderr] If you want to try to generate the lock file without accessing the network, use the --offline flag.
[INFO] the lockfile is outdated, regenerating it
[INFO] running `Command { std: "/workspace/cargo-home/bin/cargo" "+af3c6e733a40e671550e0f0f5aeecaa13772ba56" "generate-lockfile" "--manifest-path" "Cargo.toml" "-Zno-index-update", kill_on_drop: false }`
[INFO] running `Command { std: "/workspace/cargo-home/bin/cargo" "+af3c6e733a40e671550e0f0f5aeecaa13772ba56" "fetch" "--locked" "--manifest-path" "Cargo.toml", kill_on_drop: false }`
[INFO] running `Command { std: "docker" "create" "-v" "/var/lib/crater-agent-workspace/builds/worker-3/target:/opt/rustwide/target:rw,Z" "-v" "/var/lib/crater-agent-workspace/builds/worker-3/source:/opt/rustwide/workdir:ro,Z" "-v" "/var/lib/crater-agent-workspace/cargo-home:/opt/rustwide/cargo-home:ro,Z" "-v" "/var/lib/crater-agent-workspace/rustup-home:/opt/rustwide/rustup-home:ro,Z" "-e" "SOURCE_DIR=/opt/rustwide/workdir" "-e" "CARGO_TARGET_DIR=/opt/rustwide/target" "-e" "CARGO_HOME=/opt/rustwide/cargo-home" "-e" "RUSTUP_HOME=/opt/rustwide/rustup-home" "-w" "/opt/rustwide/workdir" "-m" "1610612736" "--user" "0:0" "--network" "none" "rustops/crates-build-env@sha256:d92eaeed33fa75130ca1ee6c8a01d1ffb62bac859dfdfb3450e3e5d1c0146529" "/opt/rustwide/cargo-home/bin/cargo" "+af3c6e733a40e671550e0f0f5aeecaa13772ba56" "metadata" "--no-deps" "--format-version=1", kill_on_drop: false }`
[INFO] [stdout] a684198a8d80ecc2d04fce2eb41f6f91ceab53e7635eb2a4b81eed2e8dba36c3
[INFO] [stderr] WARNING: Your kernel does not support swap limit capabilities or the cgroup is not mounted. Memory limited without swap.
[INFO] running `Command { std: "docker" "start" "-a" "a684198a8d80ecc2d04fce2eb41f6f91ceab53e7635eb2a4b81eed2e8dba36c3", kill_on_drop: false }`
[INFO] running `Command { std: "docker" "inspect" "a684198a8d80ecc2d04fce2eb41f6f91ceab53e7635eb2a4b81eed2e8dba36c3", kill_on_drop: false }`
[INFO] running `Command { std: "docker" "rm" "-f" "a684198a8d80ecc2d04fce2eb41f6f91ceab53e7635eb2a4b81eed2e8dba36c3", kill_on_drop: false }`
[INFO] [stdout] a684198a8d80ecc2d04fce2eb41f6f91ceab53e7635eb2a4b81eed2e8dba36c3
[INFO] running `Command { std: "docker" "create" "-v" "/var/lib/crater-agent-workspace/builds/worker-3/target:/opt/rustwide/target:rw,Z" "-v" "/var/lib/crater-agent-workspace/builds/worker-3/source:/opt/rustwide/workdir:ro,Z" "-v" "/var/lib/crater-agent-workspace/cargo-home:/opt/rustwide/cargo-home:ro,Z" "-v" "/var/lib/crater-agent-workspace/rustup-home:/opt/rustwide/rustup-home:ro,Z" "-e" "SOURCE_DIR=/opt/rustwide/workdir" "-e" "CARGO_TARGET_DIR=/opt/rustwide/target" "-e" "CARGO_INCREMENTAL=0" "-e" "RUST_BACKTRACE=full" "-e" "RUSTFLAGS=--cap-lints=forbid" "-e" "CARGO_HOME=/opt/rustwide/cargo-home" "-e" "RUSTUP_HOME=/opt/rustwide/rustup-home" "-w" "/opt/rustwide/workdir" "-m" "1610612736" "--user" "0:0" "--network" "none" "rustops/crates-build-env@sha256:d92eaeed33fa75130ca1ee6c8a01d1ffb62bac859dfdfb3450e3e5d1c0146529" "/opt/rustwide/cargo-home/bin/cargo" "+af3c6e733a40e671550e0f0f5aeecaa13772ba56" "check" "--frozen" "--all" "--all-targets" "--message-format=json", kill_on_drop: false }`
[INFO] [stdout] ee3c29375c10b581ad31e0f0415356458c4179917d7b572111224d36a4d2aaba
[INFO] [stderr] WARNING: Your kernel does not support swap limit capabilities or the cgroup is not mounted. Memory limited without swap.
[INFO] running `Command { std: "docker" "start" "-a" "ee3c29375c10b581ad31e0f0415356458c4179917d7b572111224d36a4d2aaba", kill_on_drop: false }`
[INFO] [stderr]    Compiling pkg-config v0.3.18
[INFO] [stderr]    Compiling ncurses v5.99.0
[INFO] [stderr]     Checking kuratko v0.0.1 (/opt/rustwide/workdir)
[INFO] [stdout] warning: unused import: `std::cmp`
[INFO] [stdout]  --> src/gui/map_window.rs:6:5
[INFO] [stdout]   |
[INFO] [stdout] 6 | use std::cmp;
[INFO] [stdout]   |     ^^^^^^^^
[INFO] [stdout]   |
[INFO] [stdout]   = note: `#[warn(unused_imports)]` on by default
[INFO] [stdout] 
[INFO] [stdout] 
[INFO] [stdout] warning: unused import: `std::io::prelude::*`
[INFO] [stdout]  --> src/gui/map_window.rs:8:5
[INFO] [stdout]   |
[INFO] [stdout] 8 | use std::io::prelude::*;
[INFO] [stdout]   |     ^^^^^^^^^^^^^^^^^^^
[INFO] [stdout] 
[INFO] [stdout] 
[INFO] [stdout] warning: unused import: `std::fs::File`
[INFO] [stdout]  --> src/gui/map_window.rs:9:5
[INFO] [stdout]   |
[INFO] [stdout] 9 | use std::fs::File;
[INFO] [stdout]   |     ^^^^^^^^^^^^^
[INFO] [stdout] 
[INFO] [stdout] 
[INFO] [stdout] warning: unused import: `std::fs::OpenOptions`
[INFO] [stdout]   --> src/gui/map_window.rs:10:5
[INFO] [stdout]    |
[INFO] [stdout] 10 | use std::fs::OpenOptions;
[INFO] [stdout]    |     ^^^^^^^^^^^^^^^^^^^^
[INFO] [stdout] 
[INFO] [stdout] 
[INFO] [stdout] warning: unused import: `std::thread`
[INFO] [stdout]  --> src/game/mod.rs:4:5
[INFO] [stdout]   |
[INFO] [stdout] 4 | use std::thread;
[INFO] [stdout]   |     ^^^^^^^^^^^
[INFO] [stdout] 
[INFO] [stdout] 
[INFO] [stdout] warning: trait objects without an explicit `dyn` are deprecated
[INFO] [stdout]  --> src/game/input_manager.rs:1:16
[INFO] [stdout]   |
[INFO] [stdout] 1 | type Handler = Fn(i32) -> ();
[INFO] [stdout]   |                ^^^^^^^^^^^^^ help: use `dyn`: `dyn Fn(i32) -> ()`
[INFO] [stdout]   |
[INFO] [stdout]   = note: `#[warn(bare_trait_objects)]` on by default
[INFO] [stdout] 
[INFO] [stdout] 
[INFO] [stdout] warning: unused import: `std::cmp`
[INFO] [stdout]  --> src/gui/map_window.rs:6:5
[INFO] [stdout]   |
[INFO] [stdout] 6 | use std::cmp;
[INFO] [stdout]   |     ^^^^^^^^
[INFO] [stdout]   |
[INFO] [stdout]   = note: `#[warn(unused_imports)]` on by default
[INFO] [stdout] 
[INFO] [stdout] 
[INFO] [stdout] warning: unused import: `std::io::prelude::*`
[INFO] [stdout]  --> src/gui/map_window.rs:8:5
[INFO] [stdout]   |
[INFO] [stdout] 8 | use std::io::prelude::*;
[INFO] [stdout]   |     ^^^^^^^^^^^^^^^^^^^
[INFO] [stdout] 
[INFO] [stdout] 
[INFO] [stdout] warning: unused import: `std::fs::File`
[INFO] [stdout]  --> src/gui/map_window.rs:9:5
[INFO] [stdout]   |
[INFO] [stdout] 9 | use std::fs::File;
[INFO] [stdout]   |     ^^^^^^^^^^^^^
[INFO] [stdout] 
[INFO] [stdout] 
[INFO] [stdout] warning: unused import: `std::fs::OpenOptions`
[INFO] [stdout]   --> src/gui/map_window.rs:10:5
[INFO] [stdout]    |
[INFO] [stdout] 10 | use std::fs::OpenOptions;
[INFO] [stdout]    |     ^^^^^^^^^^^^^^^^^^^^
[INFO] [stdout] 
[INFO] [stdout] 
[INFO] [stdout] warning: unused import: `std::thread`
[INFO] [stdout]  --> src/game/mod.rs:4:5
[INFO] [stdout]   |
[INFO] [stdout] 4 | use std::thread;
[INFO] [stdout]   |     ^^^^^^^^^^^
[INFO] [stdout] 
[INFO] [stdout] 
[INFO] [stdout] warning: trait objects without an explicit `dyn` are deprecated
[INFO] [stdout]  --> src/game/input_manager.rs:1:16
[INFO] [stdout]   |
[INFO] [stdout] 1 | type Handler = Fn(i32) -> ();
[INFO] [stdout]   |                ^^^^^^^^^^^^^ help: use `dyn`: `dyn Fn(i32) -> ()`
[INFO] [stdout]   |
[INFO] [stdout]   = note: `#[warn(bare_trait_objects)]` on by default
[INFO] [stdout] 
[INFO] [stdout] 
[INFO] [stdout] error[E0308]: mismatched types
[INFO] [stdout]   --> src/gui/curses_context.rs:10:16
[INFO] [stdout]    |
[INFO] [stdout] 10 |         keypad(stdscr, true);
[INFO] [stdout]    |                ^^^^^^ expected *-ptr, found fn item
[INFO] [stdout]    |
[INFO] [stdout]    = note: expected raw pointer `*mut i8`
[INFO] [stdout]                   found fn item `fn() -> *mut i8 {ncurses::stdscr}`
[INFO] [stdout] help: use parentheses to call this function
[INFO] [stdout]    |
[INFO] [stdout] 10 |         keypad(stdscr(), true);
[INFO] [stdout]    |                      ^^
[INFO] [stdout] 
[INFO] [stdout] 
[INFO] [stdout] error[E0308]: mismatched types
[INFO] [stdout]   --> src/gui/map_window.rs:69:26
[INFO] [stdout]    |
[INFO] [stdout] 69 |                          item.display());
[INFO] [stdout]    |                          ^^^^^^^^^^^^^^ expected `u32`, found `u64`
[INFO] [stdout]    |
[INFO] [stdout] help: you can convert an `u64` to `u32` and panic if the converted value wouldn't fit
[INFO] [stdout]    |
[INFO] [stdout] 69 |                          item.display().try_into().unwrap());
[INFO] [stdout]    |                          ^^^^^^^^^^^^^^^^^^^^^^^^^^^^^^^^^^
[INFO] [stdout] 
[INFO] [stdout] 
[INFO] [stdout] error[E0308]: mismatched types
[INFO] [stdout]   --> src/gui/map_window.rs:83:26
[INFO] [stdout]    |
[INFO] [stdout] 83 |                          ch);
[INFO] [stdout]    |                          ^^ expected `u32`, found `u64`
[INFO] [stdout]    |
[INFO] [stdout] help: you can convert an `u64` to `u32` and panic if the converted value wouldn't fit
[INFO] [stdout]    |
[INFO] [stdout] 83 |                          ch.try_into().unwrap());
[INFO] [stdout]    |                          ^^^^^^^^^^^^^^^^^^^^^^
[INFO] [stdout] 
[INFO] [stdout] 
[INFO] [stdout] error[E0308]: mismatched types
[INFO] [stdout]    --> src/model/mod.rs:226:48
[INFO] [stdout]     |
[INFO] [stdout] 226 |             MapItem::Kuratko => ('^' as u64) | COLOR_PAIR(2),
[INFO] [stdout]     |                                                ^^^^^^^^^^^^^ expected `u64`, found `u32`
[INFO] [stdout] 
[INFO] [stdout] 
[INFO] [stdout] error[E0308]: mismatched types
[INFO] [stdout]   --> src/gui/curses_context.rs:10:16
[INFO] [stdout]    |
[INFO] [stdout] 10 |         keypad(stdscr, true);
[INFO] [stdout]    |                ^^^^^^ expected *-ptr, found fn item
[INFO] [stdout]    |
[INFO] [stdout]    = note: expected raw pointer `*mut i8`
[INFO] [stdout]                   found fn item `fn() -> *mut i8 {ncurses::stdscr}`
[INFO] [stdout] help: use parentheses to call this function
[INFO] [stdout]    |
[INFO] [stdout] 10 |         keypad(stdscr(), true);
[INFO] [stdout]    |                      ^^
[INFO] [stdout] 
[INFO] [stdout] 
[INFO] [stdout] error[E0308]: mismatched types
[INFO] [stdout]   --> src/gui/map_window.rs:69:26
[INFO] [stdout]    |
[INFO] [stdout] 69 |                          item.display());
[INFO] [stdout]    |                          ^^^^^^^^^^^^^^ expected `u32`, found `u64`
[INFO] [stdout]    |
[INFO] [stdout] help: you can convert an `u64` to `u32` and panic if the converted value wouldn't fit
[INFO] [stdout]    |
[INFO] [stdout] 69 |                          item.display().try_into().unwrap());
[INFO] [stdout]    |                          ^^^^^^^^^^^^^^^^^^^^^^^^^^^^^^^^^^
[INFO] [stdout] 
[INFO] [stdout] 
[INFO] [stdout] error[E0308]: mismatched types
[INFO] [stdout]   --> src/gui/map_window.rs:83:26
[INFO] [stdout]    |
[INFO] [stdout] 83 |                          ch);
[INFO] [stdout]    |                          ^^ expected `u32`, found `u64`
[INFO] [stdout]    |
[INFO] [stdout] help: you can convert an `u64` to `u32` and panic if the converted value wouldn't fit
[INFO] [stdout]    |
[INFO] [stdout] 83 |                          ch.try_into().unwrap());
[INFO] [stdout]    |                          ^^^^^^^^^^^^^^^^^^^^^^
[INFO] [stdout] 
[INFO] [stdout] 
[INFO] [stdout] error[E0308]: mismatched types
[INFO] [stdout]    --> src/model/mod.rs:226:48
[INFO] [stdout]     |
[INFO] [stdout] 226 |             MapItem::Kuratko => ('^' as u64) | COLOR_PAIR(2),
[INFO] [stdout]     |                                                ^^^^^^^^^^^^^ expected `u64`, found `u32`
[INFO] [stdout] 
[INFO] [stdout] 
[INFO] [stdout] error[E0277]: no implementation for `u64 | u32`
[INFO] [stdout]    --> src/model/mod.rs:226:46
[INFO] [stdout]     |
[INFO] [stdout] 226 |             MapItem::Kuratko => ('^' as u64) | COLOR_PAIR(2),
[INFO] [stdout]     |                                              ^ no implementation for `u64 | u32`
[INFO] [stdout]     |
[INFO] [stdout]     = help: the trait `BitOr<u32>` is not implemented for `u64`
[INFO] [stdout] 
[INFO] [stdout] 
[INFO] [stdout] error[E0308]: mismatched types
[INFO] [stdout]    --> src/model/mod.rs:227:49
[INFO] [stdout]     |
[INFO] [stdout] 227 |             MapItem::Prasatko => ('@' as u64) | COLOR_PAIR(3),
[INFO] [stdout]     |                                                 ^^^^^^^^^^^^^ expected `u64`, found `u32`
[INFO] [stdout] 
[INFO] [stdout] 
[INFO] [stdout] error[E0277]: no implementation for `u64 | u32`
[INFO] [stdout]    --> src/model/mod.rs:227:47
[INFO] [stdout]     |
[INFO] [stdout] 227 |             MapItem::Prasatko => ('@' as u64) | COLOR_PAIR(3),
[INFO] [stdout]     |                                               ^ no implementation for `u64 | u32`
[INFO] [stdout]     |
[INFO] [stdout]     = help: the trait `BitOr<u32>` is not implemented for `u64`
[INFO] [stdout] 
[INFO] [stdout] 
[INFO] [stdout] error[E0308]: mismatched types
[INFO] [stdout]    --> src/model/mod.rs:228:46
[INFO] [stdout]     |
[INFO] [stdout] 228 |             MapItem::Kolac => ('o' as u64) | COLOR_PAIR(1),
[INFO] [stdout]     |                                              ^^^^^^^^^^^^^ expected `u64`, found `u32`
[INFO] [stdout] 
[INFO] [stdout] 
[INFO] [stdout] error[E0277]: no implementation for `u64 | u32`
[INFO] [stdout]    --> src/model/mod.rs:228:44
[INFO] [stdout]     |
[INFO] [stdout] 228 |             MapItem::Kolac => ('o' as u64) | COLOR_PAIR(1),
[INFO] [stdout]     |                                            ^ no implementation for `u64 | u32`
[INFO] [stdout]     |
[INFO] [stdout]     = help: the trait `BitOr<u32>` is not implemented for `u64`
[INFO] [stdout] 
[INFO] [stdout] 
[INFO] [stdout] error[E0308]: mismatched types
[INFO] [stdout]    --> src/model/mod.rs:229:47
[INFO] [stdout]     |
[INFO] [stdout] 229 |             MapItem::Klacik => ('x' as u64) | COLOR_PAIR(4),
[INFO] [stdout]     |                                               ^^^^^^^^^^^^^ expected `u64`, found `u32`
[INFO] [stdout] 
[INFO] [stdout] 
[INFO] [stdout] error[E0277]: no implementation for `u64 | u32`
[INFO] [stdout]    --> src/model/mod.rs:229:45
[INFO] [stdout]     |
[INFO] [stdout] 229 |             MapItem::Klacik => ('x' as u64) | COLOR_PAIR(4),
[INFO] [stdout]     |                                             ^ no implementation for `u64 | u32`
[INFO] [stdout]     |
[INFO] [stdout]     = help: the trait `BitOr<u32>` is not implemented for `u64`
[INFO] [stdout] 
[INFO] [stdout] 
[INFO] [stdout] error[E0308]: mismatched types
[INFO] [stdout]    --> src/model/mod.rs:230:46
[INFO] [stdout]     |
[INFO] [stdout] 230 |             MapItem::Strom => ('H' as u64) | COLOR_PAIR(4),
[INFO] [stdout]     |                                              ^^^^^^^^^^^^^ expected `u64`, found `u32`
[INFO] [stdout] 
[INFO] [stdout] 
[INFO] [stdout] error[E0277]: no implementation for `u64 | u32`
[INFO] [stdout]    --> src/model/mod.rs:230:44
[INFO] [stdout]     |
[INFO] [stdout] 230 |             MapItem::Strom => ('H' as u64) | COLOR_PAIR(4),
[INFO] [stdout]     |                                            ^ no implementation for `u64 | u32`
[INFO] [stdout]     |
[INFO] [stdout]     = help: the trait `BitOr<u32>` is not implemented for `u64`
[INFO] [stdout] 
[INFO] [stdout] 
[INFO] [stdout] error: aborting due to 13 previous errors; 6 warnings emitted
[INFO] [stdout] 
[INFO] [stdout] 
[INFO] [stdout] Some errors have detailed explanations: E0277, E0308.
[INFO] [stdout] 
[INFO] [stdout] For more information about an error, try `rustc --explain E0277`.
[INFO] [stdout] 
[INFO] [stdout] error[E0277]: no implementation for `u64 | u32`
[INFO] [stdout]    --> src/model/mod.rs:226:46
[INFO] [stdout]     |
[INFO] [stdout] 226 |             MapItem::Kuratko => ('^' as u64) | COLOR_PAIR(2),
[INFO] [stdout]     |                                              ^ no implementation for `u64 | u32`
[INFO] [stdout]     |
[INFO] [stdout]     = help: the trait `BitOr<u32>` is not implemented for `u64`
[INFO] [stdout] 
[INFO] [stdout] 
[INFO] [stdout] error[E0308]: mismatched types
[INFO] [stdout]    --> src/model/mod.rs:227:49
[INFO] [stdout]     |
[INFO] [stdout] 227 |             MapItem::Prasatko => ('@' as u64) | COLOR_PAIR(3),
[INFO] [stdout]     |                                                 ^^^^^^^^^^^^^ expected `u64`, found `u32`
[INFO] [stdout] 
[INFO] [stdout] 
[INFO] [stdout] error[E0277]: no implementation for `u64 | u32`
[INFO] [stdout]    --> src/model/mod.rs:227:47
[INFO] [stdout]     |
[INFO] [stdout] 227 |             MapItem::Prasatko => ('@' as u64) | COLOR_PAIR(3),
[INFO] [stdout]     |                                               ^ no implementation for `u64 | u32`
[INFO] [stdout]     |
[INFO] [stdout]     = help: the trait `BitOr<u32>` is not implemented for `u64`
[INFO] [stdout] 
[INFO] [stdout] 
[INFO] [stdout] error[E0308]: mismatched types
[INFO] [stdout]    --> src/model/mod.rs:228:46
[INFO] [stdout]     |
[INFO] [stdout] 228 |             MapItem::Kolac => ('o' as u64) | COLOR_PAIR(1),
[INFO] [stdout]     |                                              ^^^^^^^^^^^^^ expected `u64`, found `u32`
[INFO] [stdout] 
[INFO] [stdout] 
[INFO] [stdout] error[E0277]: no implementation for `u64 | u32`
[INFO] [stdout]    --> src/model/mod.rs:228:44
[INFO] [stdout]     |
[INFO] [stdout] 228 |             MapItem::Kolac => ('o' as u64) | COLOR_PAIR(1),
[INFO] [stdout]     |                                            ^ no implementation for `u64 | u32`
[INFO] [stdout]     |
[INFO] [stdout]     = help: the trait `BitOr<u32>` is not implemented for `u64`
[INFO] [stdout] 
[INFO] [stdout] 
[INFO] [stdout] error[E0308]: mismatched types
[INFO] [stdout]    --> src/model/mod.rs:229:47
[INFO] [stdout]     |
[INFO] [stdout] 229 |             MapItem::Klacik => ('x' as u64) | COLOR_PAIR(4),
[INFO] [stdout]     |                                               ^^^^^^^^^^^^^ expected `u64`, found `u32`
[INFO] [stdout] 
[INFO] [stdout] 
[INFO] [stdout] error[E0277]: no implementation for `u64 | u32`
[INFO] [stdout]    --> src/model/mod.rs:229:45
[INFO] [stdout]     |
[INFO] [stdout] 229 |             MapItem::Klacik => ('x' as u64) | COLOR_PAIR(4),
[INFO] [stdout]     |                                             ^ no implementation for `u64 | u32`
[INFO] [stdout]     |
[INFO] [stdout]     = help: the trait `BitOr<u32>` is not implemented for `u64`
[INFO] [stdout] 
[INFO] [stdout] 
[INFO] [stdout] error[E0308]: mismatched types
[INFO] [stdout]    --> src/model/mod.rs:230:46
[INFO] [stdout]     |
[INFO] [stdout] 230 |             MapItem::Strom => ('H' as u64) | COLOR_PAIR(4),
[INFO] [stdout]     |                                              ^^^^^^^^^^^^^ expected `u64`, found `u32`
[INFO] [stdout] 
[INFO] [stdout] 
[INFO] [stdout] error[E0277]: no implementation for `u64 | u32`
[INFO] [stdout]    --> src/model/mod.rs:230:44
[INFO] [stdout]     |
[INFO] [stdout] 230 |             MapItem::Strom => ('H' as u64) | COLOR_PAIR(4),
[INFO] [stdout]     |                                            ^ no implementation for `u64 | u32`
[INFO] [stdout]     |
[INFO] [stdout]     = help: the trait `BitOr<u32>` is not implemented for `u64`
[INFO] [stdout] 
[INFO] [stdout] 
[INFO] [stderr] error: could not compile `kuratko`.
[INFO] [stderr] 
[INFO] [stderr] To learn more, run the command again with --verbose.
[INFO] [stderr] warning: build failed, waiting for other jobs to finish...
[INFO] [stdout] error: aborting due to 13 previous errors; 6 warnings emitted
[INFO] [stdout] 
[INFO] [stdout] 
[INFO] [stdout] Some errors have detailed explanations: E0277, E0308.
[INFO] [stdout] 
[INFO] [stdout] For more information about an error, try `rustc --explain E0277`.
[INFO] [stdout] 
[INFO] [stderr] error: build failed
[INFO] running `Command { std: "docker" "inspect" "ee3c29375c10b581ad31e0f0415356458c4179917d7b572111224d36a4d2aaba", kill_on_drop: false }`
[INFO] running `Command { std: "docker" "rm" "-f" "ee3c29375c10b581ad31e0f0415356458c4179917d7b572111224d36a4d2aaba", kill_on_drop: false }`
[INFO] [stdout] ee3c29375c10b581ad31e0f0415356458c4179917d7b572111224d36a4d2aaba
